{"id":270,"date":"2018-10-10T03:41:23","date_gmt":"2018-10-10T06:41:23","guid":{"rendered":"http:\/\/advogadosmc.com.br\/?page_id=270"},"modified":"2018-10-16T20:59:46","modified_gmt":"2018-10-16T23:59:46","slug":"sites-uteis-juridicos-online-para-noticias-pesquisas-jurisprudencias-consultas-processuais-publicas-periodicos","status":"publish","type":"page","link":"https:\/\/advogadosmc.com.br\/?page_id=270","title":{"rendered":"Links \u00dateis"},"content":{"rendered":"<p><strong>Justi\u00e7a do Trabalho (9\u00ba Regi\u00e3o)<\/strong><\/p>\n<ul>\n<li><a href=\"http:\/\/www.trt9.jus.br\/portal\/pagina.xhtml?secao=46&amp;pagina=INICIAL\">Consulta Processual P\u00fablica<\/a><\/li>\n<li><a href=\"https:\/\/pje.trt9.jus.br\/primeirograu\/login.seam\">Acesso<\/a>&nbsp;<\/li>\n<li><a href=\"http:\/\/www.trt9.jus.br\/portal\/pagina.xhtml?secao=16&amp;pagina=PESQUISA_JURISPRUDENCIA\">Pesquisa Jurisprudencial<\/a><\/li>\n<\/ul>\n<p><strong>Justi\u00e7a Estadual (Paran\u00e1)<\/strong><\/p>\n<ul>\n<li><a href=\"https:\/\/projudi.tjpr.jus.br\/projudi_consulta\/\">Consulta P\u00fablica<\/a><\/li>\n<li><a href=\"https:\/\/projudi.tjpr.jus.br\/projudi\/\">Acesso<\/a><\/li>\n<li><a href=\"https:\/\/portal.tjpr.jus.br\/jurisprudencia\/\">Pesquisa Jurisprudencial<\/a><\/li>\n<li><a href=\"https:\/\/www.tjpr.jus.br\/nugep-irdr\">IRDR<\/a><\/li>\n<\/ul>\n<p><strong>Justi\u00e7a Federal (4\u00aa Regi\u00e3o)<\/strong><\/p>\n<ul>\n<li><a href=\"https:\/\/www2.trf4.jus.br\/trf4\/controlador.php?acao=consulta_processual_pesquisa\">Consulta P\u00fablica Unificada<\/a><\/li>\n<li><a href=\"https:\/\/jurisprudencia.trf4.jus.br\/pesquisa\/pesquisa.php?tipo=1\">Pesquisa Jurisprudencial<\/a><\/li>\n<li><a href=\"http:\/\/portal.stf.jus.br\/jurisprudencia\/\">Pesquisa Jurisprudencial<\/a><\/li>\n<li><a href=\"https:\/\/sistemas.stf.jus.br\/cas\/login?service=http%3A%2F%2Fsistemas.stf.jus.br%2Fpeticionamento%2Fj_spring_cas_security_check\">Acesso<\/a><\/li>\n<\/ul>\n<p><strong>Tribunal Superior do Trabalho<\/strong><\/p>\n<ul>\n<li><a href=\"http:\/\/www.tst.jus.br\/jurisprudencia\">Pesquisa Jurisprudencial<\/a><\/li>\n<li><a href=\"https:\/\/pje.tst.jus.br\/tst\/login.seam\">Acesso<\/a><\/li>\n<\/ul>\n<p><strong>Tribunal Superior de Justi\u00e7a:<\/strong><\/p>\n<ul>\n<li><a href=\"http:\/\/www.stj.jus.br\/sites\/STJ\/TV\/pt_BR\/Sob-medida\/Advogado\/Jurisprud%C3%AAncia\/Pesquisa-de-Jurisprud%C3%AAncia\">Pesquisa Jurisprudencial<\/a><\/li>\n<li><a href=\"https:\/\/cpe.stj.jus.br\/\">Acesso<\/a><\/li>\n<\/ul>\n<p><strong>Portais Populares: Not\u00edcias, Artigos e Pesquisa (vers\u00e3o online)<\/strong><\/p>\n<pre><a href=\"http:\/\/www.sintese.com\/\">S\u00edntese<\/a>\r\n<a href=\"https:\/\/www.jusbrasil.com.br\/\">JusBrasil<\/a>\r\n<a href=\"https:\/\/www.migalhas.com.br\/\">Migalhas<\/a>\r\n<a href=\"https:\/\/juridmais.com.br\/\">Juridmais<\/a>\r\n<a href=\"https:\/\/jus.com.br\/\">Jus Navigandi<\/a>\r\n<a href=\"https:\/\/www.conjur.com.br\/\">Conjur<\/a>\r\n<a href=\"https:\/\/www.direitonet.com.br\/noticias\">DireitoNet<\/a>\r\n<a href=\"http:\/\/www.ambito-juridico.com.br\/site\/?n_link=ultimas_noticias\">\u00c2mbito Jur\u00eddico<\/a>\r\n<a href=\"https:\/\/www.amodireito.com.br\/\">Amo Direito<\/a>\r\n<a href=\"https:\/\/www.jota.info\/\">Jota Info<\/a>\r\n<a href=\"http:\/\/emporiododireito.com.br\/\">Emp\u00f3rio do Direito<\/a>\r\n<a href=\"http:\/\/www.editoraforum.com.br\/category\/noticias\/\">F\u00f3rum<\/a>\r\n<a href=\"https:\/\/scholar.google.com.br\/\">Google Acad\u00eamico<\/a><\/pre>\n<p><strong>Peri\u00f3dicos:<\/strong><\/p>\n<p><a href=\"http:\/\/direitosp.fgv.br\/publicacoes\/revista\/revista-direito-gv\">Revista Direito GV<\/a><br \/>\n<a href=\"http:\/\/sisbib.fdv.br\/index.php\/direitosegarantias\">Revista de Direitos e Garantias Fundamentais (FDV)<\/a><br \/>\n<a href=\"http:\/\/www.rdb.org.br\/ojs\/index.php\/rdb\/index\">Revista de Direito Brasileira (RD)<\/a><br \/>\n<a href=\"https:\/\/www.direito.ufmg.br\/revista\/index.php\/revista\/index\">Revista da Faculdade de Direito da UFMG<\/a><br \/>\n<a href=\"https:\/\/revistas.ufpr.br\/direito\">Revista da Faculdade de Direito da UFPR<\/a><br \/>\n<a href=\"https:\/\/www.revistas.usp.br\/rfdusp\">Revista da Faculdade de Direito da USP<\/a><br \/>\n<a href=\"http:\/\/revista.unicuritiba.edu.br\/index.php\/RevJur\/index\">Revista da Faculdade de Direito de Curitiba<\/a><\/p>\n<p><span style=\"color: #ccffff;\">Sites \u00dateis Jur\u00eddicos Online para Not\u00edcias, Pesquisas, Jurisprud\u00eancias, Consultas Processuais P\u00fablicas e Peri\u00f3dicos.<\/span><\/p>\n<p>&nbsp;<\/p>\n","protected":false},"excerpt":{"rendered":"<p>Justi\u00e7a do Trabalho (9\u00ba Regi\u00e3o) Consulta Processual P\u00fablica Acesso&nbsp; Pesquisa Jurisprudencial Justi\u00e7a Estadual (Paran\u00e1) Consulta P\u00fablica Acesso Pesquisa Jurisprudencial IRDR Justi\u00e7a Federal (4\u00aa Regi\u00e3o) Consulta P\u00fablica Unificada Pesquisa Jurisprudencial Pesquisa Jurisprudencial Acesso Tribunal Superior do Trabalho Pesquisa Jurisprudencial Acesso Tribunal Superior de Justi\u00e7a: Pesquisa Jurisprudencial Acesso Portais Populares: Not\u00edcias, Artigos e Pesquisa (vers\u00e3o online) S\u00edntese<\/p><\/div>\n<div class=\"blog-btn\"><a href=\"https:\/\/advogadosmc.com.br\/?page_id=270\" class=\"home-blog-btn\">Ler mais<\/a><\/p>\n","protected":false},"author":1,"featured_media":0,"parent":0,"menu_order":0,"comment_status":"closed","ping_status":"closed","template":"","meta":{"ngg_post_thumbnail":0,"footnotes":""},"class_list":["post-270","page","type-page","status-publish","hentry"],"yoast_head":"<!-- This site is optimized with the Yoast SEO plugin v27.4 - https:\/\/yoast.com\/product\/yoast-seo-wordpress\/ -->\n<title>Links \u00dateis - Marques da Costa Advogados Sites \u00dateis Not\u00edcias Pesquisas Jur\u00eddico<\/title>\n<meta name=\"description\" content=\"Sites \u00dateis Jur\u00eddicos Online para Not\u00edcias, Pesquisas, Jurisprud\u00eancias, Consultas Processuais P\u00fablicas, Peri\u00f3dicos e Informa\u00e7\u00f5es de Direito\" \/>\n<meta name=\"robots\" content=\"index, follow, max-snippet:-1, max-image-preview:large, max-video-preview:-1\" \/>\n<link rel=\"canonical\" href=\"https:\/\/advogadosmc.com.br\/?page_id=270\" \/>\n<meta property=\"og:locale\" content=\"pt_BR\" \/>\n<meta property=\"og:type\" content=\"article\" \/>\n<meta property=\"og:title\" content=\"Links \u00dateis - Marques da Costa Advogados Sites \u00dateis Not\u00edcias Pesquisas Jur\u00eddico\" \/>\n<meta property=\"og:description\" content=\"Sites \u00dateis Jur\u00eddicos Online para Not\u00edcias, Pesquisas, Jurisprud\u00eancias, Consultas Processuais P\u00fablicas, Peri\u00f3dicos e Informa\u00e7\u00f5es de Direito\" \/>\n<meta property=\"og:url\" content=\"https:\/\/advogadosmc.com.br\/?page_id=270\" \/>\n<meta property=\"og:site_name\" content=\"Marques da Costa Advogados\" \/>\n<meta property=\"article:modified_time\" content=\"2018-10-16T23:59:46+00:00\" \/>\n<meta name=\"twitter:card\" content=\"summary_large_image\" \/>\n<meta name=\"twitter:label1\" content=\"Est. tempo de leitura\" \/>\n\t<meta name=\"twitter:data1\" content=\"1 minuto\" \/>\n<script type=\"application\/ld+json\" class=\"yoast-schema-graph\">{\"@context\":\"https:\\\/\\\/schema.org\",\"@graph\":[{\"@type\":\"WebPage\",\"@id\":\"https:\\\/\\\/advogadosmc.com.br\\\/?page_id=270\",\"url\":\"https:\\\/\\\/advogadosmc.com.br\\\/?page_id=270\",\"name\":\"Links \u00dateis - Marques da Costa Advogados Sites \u00dateis Not\u00edcias Pesquisas Jur\u00eddico\",\"isPartOf\":{\"@id\":\"https:\\\/\\\/advogadosmc.com.br\\\/#website\"},\"datePublished\":\"2018-10-10T06:41:23+00:00\",\"dateModified\":\"2018-10-16T23:59:46+00:00\",\"description\":\"Sites \u00dateis Jur\u00eddicos Online para Not\u00edcias, Pesquisas, Jurisprud\u00eancias, Consultas Processuais P\u00fablicas, Peri\u00f3dicos e Informa\u00e7\u00f5es de Direito\",\"breadcrumb\":{\"@id\":\"https:\\\/\\\/advogadosmc.com.br\\\/?page_id=270#breadcrumb\"},\"inLanguage\":\"pt-BR\",\"potentialAction\":[{\"@type\":\"ReadAction\",\"target\":[\"https:\\\/\\\/advogadosmc.com.br\\\/?page_id=270\"]}]},{\"@type\":\"BreadcrumbList\",\"@id\":\"https:\\\/\\\/advogadosmc.com.br\\\/?page_id=270#breadcrumb\",\"itemListElement\":[{\"@type\":\"ListItem\",\"position\":1,\"name\":\"In\u00edcio\",\"item\":\"https:\\\/\\\/advogadosmc.com.br\\\/\"},{\"@type\":\"ListItem\",\"position\":2,\"name\":\"Links \u00dateis\"}]},{\"@type\":\"WebSite\",\"@id\":\"https:\\\/\\\/advogadosmc.com.br\\\/#website\",\"url\":\"https:\\\/\\\/advogadosmc.com.br\\\/\",\"name\":\"Marques da Costa Advogados\",\"description\":\"(41) 99623-3229 | 4042-1448 | atendimento@advogadosmc.com.br\",\"publisher\":{\"@id\":\"https:\\\/\\\/advogadosmc.com.br\\\/#\\\/schema\\\/person\\\/fd85bb7cc9e2a96647c1c05c33f00169\"},\"potentialAction\":[{\"@type\":\"SearchAction\",\"target\":{\"@type\":\"EntryPoint\",\"urlTemplate\":\"https:\\\/\\\/advogadosmc.com.br\\\/?s={search_term_string}\"},\"query-input\":{\"@type\":\"PropertyValueSpecification\",\"valueRequired\":true,\"valueName\":\"search_term_string\"}}],\"inLanguage\":\"pt-BR\"},{\"@type\":[\"Person\",\"Organization\"],\"@id\":\"https:\\\/\\\/advogadosmc.com.br\\\/#\\\/schema\\\/person\\\/fd85bb7cc9e2a96647c1c05c33f00169\",\"name\":\"mc\",\"image\":{\"@type\":\"ImageObject\",\"inLanguage\":\"pt-BR\",\"@id\":\"http:\\\/\\\/advogadosmc.com.br\\\/wp-content\\\/uploads\\\/2018\\\/10\\\/Logo-03-1024x655.png\",\"url\":\"http:\\\/\\\/advogadosmc.com.br\\\/wp-content\\\/uploads\\\/2018\\\/10\\\/Logo-03-1024x655.png\",\"contentUrl\":\"http:\\\/\\\/advogadosmc.com.br\\\/wp-content\\\/uploads\\\/2018\\\/10\\\/Logo-03-1024x655.png\",\"width\":1024,\"height\":655,\"caption\":\"mc\"},\"logo\":{\"@id\":\"http:\\\/\\\/advogadosmc.com.br\\\/wp-content\\\/uploads\\\/2018\\\/10\\\/Logo-03-1024x655.png\"}}]}<\/script>\n<!-- \/ Yoast SEO plugin. -->","yoast_head_json":{"title":"Links \u00dateis - Marques da Costa Advogados Sites \u00dateis Not\u00edcias Pesquisas Jur\u00eddico","description":"Sites \u00dateis Jur\u00eddicos Online para Not\u00edcias, Pesquisas, Jurisprud\u00eancias, Consultas Processuais P\u00fablicas, Peri\u00f3dicos e Informa\u00e7\u00f5es de Direito","robots":{"index":"index","follow":"follow","max-snippet":"max-snippet:-1","max-image-preview":"max-image-preview:large","max-video-preview":"max-video-preview:-1"},"canonical":"https:\/\/advogadosmc.com.br\/?page_id=270","og_locale":"pt_BR","og_type":"article","og_title":"Links \u00dateis - Marques da Costa Advogados Sites \u00dateis Not\u00edcias Pesquisas Jur\u00eddico","og_description":"Sites \u00dateis Jur\u00eddicos Online para Not\u00edcias, Pesquisas, Jurisprud\u00eancias, Consultas Processuais P\u00fablicas, Peri\u00f3dicos e Informa\u00e7\u00f5es de Direito","og_url":"https:\/\/advogadosmc.com.br\/?page_id=270","og_site_name":"Marques da Costa Advogados","article_modified_time":"2018-10-16T23:59:46+00:00","twitter_card":"summary_large_image","twitter_misc":{"Est. tempo de leitura":"1 minuto"},"schema":{"@context":"https:\/\/schema.org","@graph":[{"@type":"WebPage","@id":"https:\/\/advogadosmc.com.br\/?page_id=270","url":"https:\/\/advogadosmc.com.br\/?page_id=270","name":"Links \u00dateis - Marques da Costa Advogados Sites \u00dateis Not\u00edcias Pesquisas Jur\u00eddico","isPartOf":{"@id":"https:\/\/advogadosmc.com.br\/#website"},"datePublished":"2018-10-10T06:41:23+00:00","dateModified":"2018-10-16T23:59:46+00:00","description":"Sites \u00dateis Jur\u00eddicos Online para Not\u00edcias, Pesquisas, Jurisprud\u00eancias, Consultas Processuais P\u00fablicas, Peri\u00f3dicos e Informa\u00e7\u00f5es de Direito","breadcrumb":{"@id":"https:\/\/advogadosmc.com.br\/?page_id=270#breadcrumb"},"inLanguage":"pt-BR","potentialAction":[{"@type":"ReadAction","target":["https:\/\/advogadosmc.com.br\/?page_id=270"]}]},{"@type":"BreadcrumbList","@id":"https:\/\/advogadosmc.com.br\/?page_id=270#breadcrumb","itemListElement":[{"@type":"ListItem","position":1,"name":"In\u00edcio","item":"https:\/\/advogadosmc.com.br\/"},{"@type":"ListItem","position":2,"name":"Links \u00dateis"}]},{"@type":"WebSite","@id":"https:\/\/advogadosmc.com.br\/#website","url":"https:\/\/advogadosmc.com.br\/","name":"Marques da Costa Advogados","description":"(41) 99623-3229 | 4042-1448 | atendimento@advogadosmc.com.br","publisher":{"@id":"https:\/\/advogadosmc.com.br\/#\/schema\/person\/fd85bb7cc9e2a96647c1c05c33f00169"},"potentialAction":[{"@type":"SearchAction","target":{"@type":"EntryPoint","urlTemplate":"https:\/\/advogadosmc.com.br\/?s={search_term_string}"},"query-input":{"@type":"PropertyValueSpecification","valueRequired":true,"valueName":"search_term_string"}}],"inLanguage":"pt-BR"},{"@type":["Person","Organization"],"@id":"https:\/\/advogadosmc.com.br\/#\/schema\/person\/fd85bb7cc9e2a96647c1c05c33f00169","name":"mc","image":{"@type":"ImageObject","inLanguage":"pt-BR","@id":"http:\/\/advogadosmc.com.br\/wp-content\/uploads\/2018\/10\/Logo-03-1024x655.png","url":"http:\/\/advogadosmc.com.br\/wp-content\/uploads\/2018\/10\/Logo-03-1024x655.png","contentUrl":"http:\/\/advogadosmc.com.br\/wp-content\/uploads\/2018\/10\/Logo-03-1024x655.png","width":1024,"height":655,"caption":"mc"},"logo":{"@id":"http:\/\/advogadosmc.com.br\/wp-content\/uploads\/2018\/10\/Logo-03-1024x655.png"}}]}},"jetpack_sharing_enabled":true,"jetpack_likes_enabled":true,"_links":{"self":[{"href":"https:\/\/advogadosmc.com.br\/index.php?rest_route=\/wp\/v2\/pages\/270","targetHints":{"allow":["GET"]}}],"collection":[{"href":"https:\/\/advogadosmc.com.br\/index.php?rest_route=\/wp\/v2\/pages"}],"about":[{"href":"https:\/\/advogadosmc.com.br\/index.php?rest_route=\/wp\/v2\/types\/page"}],"author":[{"embeddable":true,"href":"https:\/\/advogadosmc.com.br\/index.php?rest_route=\/wp\/v2\/users\/1"}],"replies":[{"embeddable":true,"href":"https:\/\/advogadosmc.com.br\/index.php?rest_route=%2Fwp%2Fv2%2Fcomments&post=270"}],"version-history":[{"count":4,"href":"https:\/\/advogadosmc.com.br\/index.php?rest_route=\/wp\/v2\/pages\/270\/revisions"}],"predecessor-version":[{"id":305,"href":"https:\/\/advogadosmc.com.br\/index.php?rest_route=\/wp\/v2\/pages\/270\/revisions\/305"}],"wp:attachment":[{"href":"https:\/\/advogadosmc.com.br\/index.php?rest_route=%2Fwp%2Fv2%2Fmedia&parent=270"}],"curies":[{"name":"wp","href":"https:\/\/api.w.org\/{rel}","templated":true}]}}