{"id":386,"date":"2020-01-15T21:42:43","date_gmt":"2020-01-16T00:42:43","guid":{"rendered":"http:\/\/advogadosmc.com.br\/?page_id=386"},"modified":"2020-01-15T21:42:45","modified_gmt":"2020-01-16T00:42:45","slug":"noticias-e-atualizacoes","status":"publish","type":"page","link":"https:\/\/advogadosmc.com.br\/?page_id=386","title":{"rendered":"Not\u00edcias e Atualiza\u00e7\u00f5es"},"content":{"rendered":"\n<p>Not\u00edcias no Blog Marques da Costa &#8211; Advocacia e Consultoria Jur\u00eddica<\/p>\n\n\n\n<p>Tudo no mundo do Direito, Jurisprud\u00eancias, Not\u00edcias, Artigos e Muito Mais.<\/p>\n\n\n\n<p><a href=\"http:\/\/advogadosmc.com.br\/?page_id=30\">Consulte um advogado clicando aqui<\/a> ou <a href=\"http:\/\/advogadosmc.com.br\/?page_id=27\">Saiba Mais Sobre o Nosso Escrit\u00f3rio Aqui<\/a><\/p>\n","protected":false},"excerpt":{"rendered":"<p>Not\u00edcias no Blog Marques da Costa &#8211; Advocacia e Consultoria Jur\u00eddica Tudo no mundo do Direito, Jurisprud\u00eancias, Not\u00edcias, Artigos e Muito Mais. Consulte um advogado clicando aqui ou Saiba Mais Sobre o Nosso Escrit\u00f3rio Aqui<\/p>\n","protected":false},"author":1,"featured_media":0,"parent":0,"menu_order":0,"comment_status":"closed","ping_status":"closed","template":"template\/template-page-full-width.php","meta":{"ngg_post_thumbnail":0,"footnotes":""},"class_list":["post-386","page","type-page","status-publish","hentry"],"yoast_head":"<!-- This site is optimized with the Yoast SEO plugin v27.4 - https:\/\/yoast.com\/product\/yoast-seo-wordpress\/ -->\n<title>Not\u00edcias e Atualiza\u00e7\u00f5es - Marques da Costa Advogados<\/title>\n<meta name=\"robots\" content=\"index, follow, max-snippet:-1, max-image-preview:large, max-video-preview:-1\" \/>\n<link rel=\"canonical\" href=\"https:\/\/advogadosmc.com.br\/?page_id=386\" \/>\n<meta property=\"og:locale\" content=\"pt_BR\" \/>\n<meta property=\"og:type\" content=\"article\" \/>\n<meta property=\"og:title\" content=\"Not\u00edcias e Atualiza\u00e7\u00f5es - Marques da Costa Advogados\" \/>\n<meta property=\"og:description\" content=\"Not\u00edcias no Blog Marques da Costa &#8211; Advocacia e Consultoria Jur\u00eddica Tudo no mundo do Direito, Jurisprud\u00eancias, Not\u00edcias, Artigos e Muito Mais. Consulte um advogado clicando aqui ou Saiba Mais Sobre o Nosso Escrit\u00f3rio Aqui\" \/>\n<meta property=\"og:url\" content=\"https:\/\/advogadosmc.com.br\/?page_id=386\" \/>\n<meta property=\"og:site_name\" content=\"Marques da Costa Advogados\" \/>\n<meta property=\"article:modified_time\" content=\"2020-01-16T00:42:45+00:00\" \/>\n<meta name=\"twitter:card\" content=\"summary_large_image\" \/>\n<script type=\"application\/ld+json\" class=\"yoast-schema-graph\">{\"@context\":\"https:\\\/\\\/schema.org\",\"@graph\":[{\"@type\":[\"WebPage\",\"CollectionPage\"],\"@id\":\"https:\\\/\\\/advogadosmc.com.br\\\/?page_id=386\",\"url\":\"https:\\\/\\\/advogadosmc.com.br\\\/?page_id=386\",\"name\":\"Not\u00edcias e Atualiza\u00e7\u00f5es - Marques da Costa Advogados\",\"isPartOf\":{\"@id\":\"https:\\\/\\\/advogadosmc.com.br\\\/#website\"},\"datePublished\":\"2020-01-16T00:42:43+00:00\",\"dateModified\":\"2020-01-16T00:42:45+00:00\",\"breadcrumb\":{\"@id\":\"https:\\\/\\\/advogadosmc.com.br\\\/?page_id=386#breadcrumb\"},\"inLanguage\":\"pt-BR\"},{\"@type\":\"BreadcrumbList\",\"@id\":\"https:\\\/\\\/advogadosmc.com.br\\\/?page_id=386#breadcrumb\",\"itemListElement\":[{\"@type\":\"ListItem\",\"position\":1,\"name\":\"In\u00edcio\",\"item\":\"https:\\\/\\\/advogadosmc.com.br\\\/\"},{\"@type\":\"ListItem\",\"position\":2,\"name\":\"Not\u00edcias e Atualiza\u00e7\u00f5es\"}]},{\"@type\":\"WebSite\",\"@id\":\"https:\\\/\\\/advogadosmc.com.br\\\/#website\",\"url\":\"https:\\\/\\\/advogadosmc.com.br\\\/\",\"name\":\"Marques da Costa Advogados\",\"description\":\"(41) 99623-3229 | 4042-1448 | atendimento@advogadosmc.com.br\",\"publisher\":{\"@id\":\"https:\\\/\\\/advogadosmc.com.br\\\/#\\\/schema\\\/person\\\/fd85bb7cc9e2a96647c1c05c33f00169\"},\"potentialAction\":[{\"@type\":\"SearchAction\",\"target\":{\"@type\":\"EntryPoint\",\"urlTemplate\":\"https:\\\/\\\/advogadosmc.com.br\\\/?s={search_term_string}\"},\"query-input\":{\"@type\":\"PropertyValueSpecification\",\"valueRequired\":true,\"valueName\":\"search_term_string\"}}],\"inLanguage\":\"pt-BR\"},{\"@type\":[\"Person\",\"Organization\"],\"@id\":\"https:\\\/\\\/advogadosmc.com.br\\\/#\\\/schema\\\/person\\\/fd85bb7cc9e2a96647c1c05c33f00169\",\"name\":\"mc\",\"image\":{\"@type\":\"ImageObject\",\"inLanguage\":\"pt-BR\",\"@id\":\"http:\\\/\\\/advogadosmc.com.br\\\/wp-content\\\/uploads\\\/2018\\\/10\\\/Logo-03-1024x655.png\",\"url\":\"http:\\\/\\\/advogadosmc.com.br\\\/wp-content\\\/uploads\\\/2018\\\/10\\\/Logo-03-1024x655.png\",\"contentUrl\":\"http:\\\/\\\/advogadosmc.com.br\\\/wp-content\\\/uploads\\\/2018\\\/10\\\/Logo-03-1024x655.png\",\"width\":1024,\"height\":655,\"caption\":\"mc\"},\"logo\":{\"@id\":\"http:\\\/\\\/advogadosmc.com.br\\\/wp-content\\\/uploads\\\/2018\\\/10\\\/Logo-03-1024x655.png\"}}]}<\/script>\n<!-- \/ Yoast SEO plugin. -->","yoast_head_json":{"title":"Not\u00edcias e Atualiza\u00e7\u00f5es - Marques da Costa Advogados","robots":{"index":"index","follow":"follow","max-snippet":"max-snippet:-1","max-image-preview":"max-image-preview:large","max-video-preview":"max-video-preview:-1"},"canonical":"https:\/\/advogadosmc.com.br\/?page_id=386","og_locale":"pt_BR","og_type":"article","og_title":"Not\u00edcias e Atualiza\u00e7\u00f5es - Marques da Costa Advogados","og_description":"Not\u00edcias no Blog Marques da Costa &#8211; Advocacia e Consultoria Jur\u00eddica Tudo no mundo do Direito, Jurisprud\u00eancias, Not\u00edcias, Artigos e Muito Mais. Consulte um advogado clicando aqui ou Saiba Mais Sobre o Nosso Escrit\u00f3rio Aqui","og_url":"https:\/\/advogadosmc.com.br\/?page_id=386","og_site_name":"Marques da Costa Advogados","article_modified_time":"2020-01-16T00:42:45+00:00","twitter_card":"summary_large_image","schema":{"@context":"https:\/\/schema.org","@graph":[{"@type":["WebPage","CollectionPage"],"@id":"https:\/\/advogadosmc.com.br\/?page_id=386","url":"https:\/\/advogadosmc.com.br\/?page_id=386","name":"Not\u00edcias e Atualiza\u00e7\u00f5es - Marques da Costa Advogados","isPartOf":{"@id":"https:\/\/advogadosmc.com.br\/#website"},"datePublished":"2020-01-16T00:42:43+00:00","dateModified":"2020-01-16T00:42:45+00:00","breadcrumb":{"@id":"https:\/\/advogadosmc.com.br\/?page_id=386#breadcrumb"},"inLanguage":"pt-BR"},{"@type":"BreadcrumbList","@id":"https:\/\/advogadosmc.com.br\/?page_id=386#breadcrumb","itemListElement":[{"@type":"ListItem","position":1,"name":"In\u00edcio","item":"https:\/\/advogadosmc.com.br\/"},{"@type":"ListItem","position":2,"name":"Not\u00edcias e Atualiza\u00e7\u00f5es"}]},{"@type":"WebSite","@id":"https:\/\/advogadosmc.com.br\/#website","url":"https:\/\/advogadosmc.com.br\/","name":"Marques da Costa Advogados","description":"(41) 99623-3229 | 4042-1448 | atendimento@advogadosmc.com.br","publisher":{"@id":"https:\/\/advogadosmc.com.br\/#\/schema\/person\/fd85bb7cc9e2a96647c1c05c33f00169"},"potentialAction":[{"@type":"SearchAction","target":{"@type":"EntryPoint","urlTemplate":"https:\/\/advogadosmc.com.br\/?s={search_term_string}"},"query-input":{"@type":"PropertyValueSpecification","valueRequired":true,"valueName":"search_term_string"}}],"inLanguage":"pt-BR"},{"@type":["Person","Organization"],"@id":"https:\/\/advogadosmc.com.br\/#\/schema\/person\/fd85bb7cc9e2a96647c1c05c33f00169","name":"mc","image":{"@type":"ImageObject","inLanguage":"pt-BR","@id":"http:\/\/advogadosmc.com.br\/wp-content\/uploads\/2018\/10\/Logo-03-1024x655.png","url":"http:\/\/advogadosmc.com.br\/wp-content\/uploads\/2018\/10\/Logo-03-1024x655.png","contentUrl":"http:\/\/advogadosmc.com.br\/wp-content\/uploads\/2018\/10\/Logo-03-1024x655.png","width":1024,"height":655,"caption":"mc"},"logo":{"@id":"http:\/\/advogadosmc.com.br\/wp-content\/uploads\/2018\/10\/Logo-03-1024x655.png"}}]}},"jetpack_sharing_enabled":true,"jetpack_likes_enabled":true,"_links":{"self":[{"href":"https:\/\/advogadosmc.com.br\/index.php?rest_route=\/wp\/v2\/pages\/386","targetHints":{"allow":["GET"]}}],"collection":[{"href":"https:\/\/advogadosmc.com.br\/index.php?rest_route=\/wp\/v2\/pages"}],"about":[{"href":"https:\/\/advogadosmc.com.br\/index.php?rest_route=\/wp\/v2\/types\/page"}],"author":[{"embeddable":true,"href":"https:\/\/advogadosmc.com.br\/index.php?rest_route=\/wp\/v2\/users\/1"}],"replies":[{"embeddable":true,"href":"https:\/\/advogadosmc.com.br\/index.php?rest_route=%2Fwp%2Fv2%2Fcomments&post=386"}],"version-history":[{"count":1,"href":"https:\/\/advogadosmc.com.br\/index.php?rest_route=\/wp\/v2\/pages\/386\/revisions"}],"predecessor-version":[{"id":387,"href":"https:\/\/advogadosmc.com.br\/index.php?rest_route=\/wp\/v2\/pages\/386\/revisions\/387"}],"wp:attachment":[{"href":"https:\/\/advogadosmc.com.br\/index.php?rest_route=%2Fwp%2Fv2%2Fmedia&parent=386"}],"curies":[{"name":"wp","href":"https:\/\/api.w.org\/{rel}","templated":true}]}}